d thousands digit of 1472602044?
6
What is the tens digit of 869180167?
6
What is the thousands digit of 38192609?
2
What is the hundred millions digit of 1312581826?
3
What is the units digit of 2077431234?
4
What is the ten thousands digit of 355774417?
7
What is the units digit of 168503523?
3
What is the millions digit of 168597053?
8
What is the thousands digit of 94427966?
7
What is the hundred millions digit of 377529718?
3
What is the ten millions digit of 39614470?
3
What is the ten thousands digit of 60627622?
2
What is the ten thousands digit of 4022559956?
5
What is the hundred thousands digit of 326739867?
7
What is the units digit of 254808684?
4
What is the units digit of 163181352?
2
What is the units digit of 548717703?
3
What is the ten thousands digit of 483252552?
5
What is the ten thousands digit of 1258179897?
7
What is the hundreds digit of 773303291?
2
What is the units digit of 5308194875?
5
What is the thousands digit of 1044215408?
5
What is the ten millions digit of 76484235?
7
What is the hundreds digit of 125526073?
0
What is the ten thousands digit of 542370419?
7
What is the hundred thousands digit of 4211253850?
2
What is the millions digit of 64051649?
4
What is the thousands digit of 73012568?
2
What is the tens digit of 989812765?
6
What is the millions digit of 187457881?
7
What is the tens digit of 50282151?
5
What is the billions digit of 2154768518?
2
What is the hundred millions digit of 827718876?
8
What is the hundreds digit of 81797714?
7
What is the millions digit of 26898242?
6
What is the hundred thousands digit of 33816145?
8
What is the hundred thousands digit of 316928520?
9
What is the units digit of 145719499?
9
What is the millions digit of 752566161?
2
What is the ten thousands digit of 15708555?
0
What is the millions digit of 716488596?
6
What is the ten millions digit of 33630438?
3
What is the tens digit of 41280593?
9
What is the units digit of 50341983?
3
What is the tens digit of 1841503170?
7
What is the hundred millions digit of 1431614664?
4
What is the millions digit of 487211949?
7
What is the ten millions digit of 338316841?
3
What is the hundred thousands digit of 3948066611?
0
What is the ten thousands digit of 53415578?
1
What is the ten millions digit of 28507196?
2
What is the units digit of 620742822?
2
What is the thousands digit of 143755410?
5
What is the ten millions digit of 103386228?
0
What is the ten thousands digit of 22235957?
3
What is the thousands digit of 86137015?
7
What is the tens digit of 36283220?
2
What is the hundred millions digit of 150349521?
1
What is the tens digit of 79868575?
7
What is the hundred thousands digit of 4475904495?
9
What is the units digit of 36458936?
6
What is the thousands digit of 130681859?
1
What is the hundreds digit of 103076929?
9
What is the hundreds digit of 4216087494?
4
What is the hundreds digit of 584048444?
4
What is the units digit of 24050406?
6
What is the hundred thousands digit of 530267043?
2
What is the tens digit of 700086818?
1
What is the millions digit of 283912432?
3
What is the ten millions digit of 79217241?
7
What is the millions digit of 216470221?
6
What is the ten thousands digit of 204358366?
5
What is the tens digit of 3331199?
9
What is the billions digit of 1366071281?
1
What is the ten thousands digit of 737284772?
8
What is the ten thousands digit of 71555511?
5
What is the hundred thousands digit of 158751021?
7
What is the thousands digit of 66087585?
7
What is the hundreds digit of 28472061?
0
What is the millions digit of 7860554?
7
What is the units digit of 132739630?
0
What is the ten millions digit of 447852396?
4
What is the ten millions digit of 2337535836?
3
What is the millions digit of 2508481690?
8
What is the hundreds digit of 24088971?
9
What is the units digit of 89653893?
3
What is the ten thousands digit of 39207851?
0
What is the millions digit of 173885704?
3
What is the units digit of 134427020?
0
What is the ten millions digit of 17788338?
1
What is the ten thousands digit of 141391010?
9
What is the hundred millions digit of 301157493?
3
What is the thousands digit of 2892652638?
2
What is the hundred thousands digit of 170762797?
7
What is the thousands digit of 1371790414?
0
What is the hundreds digit of 9431522?
5
What is the hundreds digit of 63751658?
6
What is the thousands digit of 2866641567?
1
What is the thousands digit of 94205453?
5
What is the millions digit of 58140069?
8
What is the millions digit of 154144682?
4
What is the hundred thousands digit of 9279673?
2
What is the tens digit of 313479152?
5
What is the hundred thousands digit of 161540327?
5
What is the ten millions digit of 276143014?
7
What is the thousands digit of 372376626?
6
What is the hundreds digit of 2834377998?
9
What is the ten thousands digit of 20316498?
1
What is the units digit of 96144918?
8
What is the ten thousands digit of 89068029?
6
What is the millions digit of 308253222?
8
What is the hundreds digit of 44117324?
3
What is the ten thousands digit of 63848425?
4
What is the billions digit of 5036151054?
5
What is the units digit of 493163456?
6
What is the millions digit of 1282720049?
2
What is the tens digit of 2351069854?
5
What is the ten millions digit of 644987790?
4
What is the hundred millions digit of 306175495?
3
What is the thousands digit of 45880378?
0
What is the thousands digit of 749886565?
6
What is the units digit of 260380020?
0
What is the hundreds digit of 8442494?
4
What is the millions digit of 1957562568?
7
What is the hundreds digit of 107370652?
6
What is the ten thousands digit of 32475535?
7
What is the ten millions digit of 1273260731?
7
What is the millions digit of 96566726?
6
What is the ten millions digit of 684451387?
8
What is the hundred thousands digit of 1227495719?
4
What is the millions digit of 453728189?
3
What is the thousands digit of 32688344?
8
What is the millions digit of 2857356465?
7
What is the thousands digit of 8344575?
4
What is the tens digit of 52813591?
9
What is the hundred thousands digit of 5623908618?
9
What is the units digit of 396390?
0
What is the hundreds digit of 1054898985?
9
What is the hundred millions digit of 1442065657?
4
What is the hundred thousands digit of 426044168?
0
What is the hundred millions digit of 573779595?
5
What is the thousands digit of 18745159?
5
What is the hundred millions digit of 579032776?
5
What is the ten thousands digit of 709701926?
0
What is the units digit of 789879238?
8
What is the thousands digit of 186789245?
9
What is the tens digit of 70404824?
2
What is the units digit of 453444027?
7
What is the ten millions digit of 4362628462?
6
What is the hundred thousands digit of 79754711?
7
What is the hundreds digit of 123467251?
2
What is the ten thousands digit of 2425671700?
7
What is the units digit of 56780340?
0
What is the units digit of 140795744?
4
What is the ten thousands digit of 112018768?
1
What is the ten thousands digit of 353631416?
3
What is the hundred millions digit of 448749247?
4
What is the tens digit of 977311047?
4
What is the ten thousands digit of 172340361?
4
What is the ten millions digit of 1188722825?
8
What is the ten millions digit of 175240379?
7
What is the millions digit of 43602536?
3
What is the hundred thousands digit of 439361515?
3
What is the hundreds digit of 141634958?
9
What is the hundred millions digit of 157236747?
1
What is the hundred thousands digit of 40404636?
4
What is the millions digit of 71800731?
1
What is the thousands digit of 134533178?
3
What is the ten millions digit of 32230426?
3
What is the hundred millions digit of 2509985960?
5
What is the units digit of 60572083?
3
What is the hundreds digit of 276397818?
8
What is the millions digit of 36582330?
6
What is the ten thousands digit of 178109461?
0
What is the units digit of 515622658?
8
What is the hundreds digit of 534823623?
6
What is the hundred thousands digit of 1873878783?
8
What is the hundred thousands digit of 603501694?
5
What is the thousands digit of 388669861?
9
What is the hundred thousands digit of 8663599532?
5
What is the thousands digit of 584364503?
4
What is the hundred thousands digit of 8057065562?
0
What is the units digit of 42